 - o**5/60 + o**4/6 + 4*o. Let q(l) be the third derivative of g(l). Give q(-3).
10
Suppose -4*s + 1 = -3*t - 0*s, 2 = -2*t + 4*s. Let b = t + 1. Let j(v) = b*v + 6 - 3*v - v + 0*v. Calculate j(5).
-4
Let k = 17 - 14. Let v(f) = 6 + 2*f + 0*f**3 + 2*f**2 - f**k - 2 + 0. Determine v(3).
1
Let h = 7 - 4. Suppose h*b = b. Let g(u) = u**3 + u**2 + 7. Calculate g(b).
7
Suppose -5 = 4*m + 3. Suppose 0 = -f + 5*t + 2, 7*t - 3*t + 2 = f. Let d(a) = 5*a**f + 2*a + a**3 - 2*a**2 + 0*a. Calculate d(m).
0
Let r(c) = c**3 - 4*c**2 - 5. Let q = 12 - 8. Determine r(q).
-5
Suppose -2*p - 7 = 1. Let d = 16 - 13. Let i(w) = 2*w**2 - 5*w**2 - 4*w + 2 + 10*w - w**d. Give i(p).
-6
Let y = 0 + 2. Suppose y*p - 4 = -0*p. Let z(i) = -2*i**3 - 5*i**2 - 2*i + 3. Let k(v) = -3*v**3 - 6*v**2 - 2*v + 4. Let f(q) = -4*k(q) + 5*z(q). Give f(p).
7
Let r(m) = -3 + 3 + 1 + 12*m - 11*m. Calculate r(1).
2
Let m(i) = 2*i**2 - i - i + 2*i**2 - 1 + 3*i. Let l = 11 - 10. What is m(l)?
4
Let j(w) = w**2 - 12*w - 16. Let g be j(13). Suppose k + 36 = -3*k + a, -3*a = -5*k - 52. Let b = k - g. Let n(h) = h**3 + 4*h**2 - 4*h - 2. Determine n(b).
-7
Let n(p) be the first derivative of -p**7/840 - p**6/90 + p**5/24 - p**4/4 + 2*p**3/3 - 2. Let j(t) be the third derivative of n(t). Give j(-5).
-6
Let l = 6 + -3. Let v(x) be the second derivative of x - 1/2*x**2 + 0 - 1/3*x**l. Calculate v(3).
-7
Let t(l) = -12*l**2 - 5*l + 7. Let g(q) = -6*q**2 - 2*q + 3. Let f(o) = -9*g(o) + 4*t(o). Give f(1).
5
Let b(f) = -f**3 + 5*f**2 + 5*f. Let v = 37 + -31. Give b(v).
-6
Let k(o) = o**3 - 3*o**2 - 3*o**3 + 4*o**3 - 2 + 3*o + 5*o**3. Let q(f) = f**3 - f**2 + f. Let h(i) = k(i) - 6*q(i). Calculate h(-3).
7
Let x(c) = 127*c**2 + 2*c**3 - 3 - 117*c**2 - c**3. Calculate x(-10).
-3
Let h(n) = -5*n - 15. Let r(o) = 2*o + 1. Let x(i) = -h(i) - 2*r(i). What is x(-6)?
7
Suppose -8*n = -21*n. Let q be (-1)/(26/28 - 1). Let a(j) = -q - j + 0*j**2 + 6 + j**2. What is a(n)?
-8
Let c(f) = f**2 - 15*f - 20. Let g be c(16). Let v(m) be the third derivative of m**4/24 + m**3/3 + m**2. Determine v(g).
-2
Let j(s) be the second derivative of s**3/6 + s**2/2 - 5*s. Suppose -2*q = -4*q + 5*m - 9, 0 = 4*q + 2*m + 6. Determine j(q).
-1
Suppose -3*w + 28 = 5*n - 0*w, 2*w - 8 = -2*n. Let m(l) = -l**2 + 7*l + 6. Give m(n).
-2
Suppose 0 = -3*s + 4*s - 10. Suppose -d = d - s. Let b(f) = f**3 - 6*f**2 + 6*f - 5. Give b(d).
0
Suppose -3*s + 4*n + 0*n - 7 = 0, -s - 9 = -3*n. Let r(t) = -2*t + 1. Give r(s).
-5
Let o(b) = 7 - 1 - 6 - b. Determine o(1).
-1
Let k(j) = -j**2 - 3*j + 3. Let n be ((-4)/(-5))/(22/55). What is k(n)?
-7
Let j(f) = -1 - 3 + f + 9. What is j(-9)?
-4
Suppose 0 = 5*d - 4*d. Let f(c) = -c**3 + 0*c**3 - 39*c**2 - c + 2 + 38*c**2. What is f(d)?
2
Let b(t) = -5*t**2 + 2*t - 1. Let i = 5 + -5. Suppose 2*q - 2 = -i*q. What is b(q)?
-4
Let z(r) = 0*r + 6*r**2 - 2*r**2 - 3 - 3*r**2 - 3*r. What is z(3)?
-3
Let t(k) be the first derivative of -5*k**3/6 - k**2 - k + 1. Let i(s) be the first derivative of t(s). Determine i(-2).
8
Let w(d) be the second derivative of d**5/20 + 5*d**4/12 + 2*d**3/3 + d**2 + d. Suppose 0 + 12 = -4*t. Let l be (-6 - t) + (-2)/2. What is w(l)?
2
Let w(t) = 2*t - 2. Let g(k) = k + 1. Let f be g(-4). Let x = 6 + f. Suppose -7 - 5 = x*i. What is w(i)?
-10
Let o(x) = -4*x - 4. Let c be o(-3). Suppose -4*v - 4 - c = 0. Let a(m) = 4*m**2 - 3*m + 6*m + 3 + m - 2*m + m**3. Give a(v).
6
Let w(h) = 12*h**2 - h. Let u(q) = 3*q + 16. Let r be u(-5). What is w(r)?
11
Let n(u) = 7*u**2 - 2*u - 13. Let j(p) = 4*p**2 - p - 7. Let f(a) = -5*j(a) + 3*n(a). Give f(0).
-4
Let y(q) be the first derivative of -q**4/4 + q**3 + 2*q**2 + 4*q + 4. What is y(4)?
4
Let k(g) = -g**2 + 2. Let r be k(0). Let m(i) = -i**r + 3*i**2 + 8 - 3*i**2 + 0*i - i. Determine m(0).
8
Let d(v) = 5*v**2 + 4*v + 3. Let k(z) = z**2 + 1. Let m(p) = d(p) - 6*k(p). Let w be 2/9 - 16/(-9). Calculate m(w).
1
Let z be -5 - -2 - (2*-2 - -3). Let h(g) = -9*g + 2. Calculate h(z).
20
Suppose 0*s + 2*s = -d + 2, 2*s - 3*d = 10. Let g(n) = n**3 + n**2 + 3. Let z(o) = -o**3 - o**2 + o - 3. Let m(j) = 2*g(j) + 3*z(j). Give m(s).
-9
Let p(l) = l. Let i(w) = -8*w - 3 + 3*w + 3. Let u(n) = i(n) + 4*p(n). Suppose -5*y = -4*y + 2. Give u(y).
2
Suppose o + 3*o - 4 = 0. Suppose 5*j - o = -n + 1, 5*j - 6 = -3*n. Let g(l) = -2*l**2 + 4*l + 3*l**2 - n*l**2 + 6. Determine g(6).
-6
Let c = 5 - -1. Let d(j) = 11*j**2 - 5*j + 5. Let s(v) = -10*v**2 + 4*v - 4. Let m(u) = c*s(u) + 5*d(u). Suppose -2*i - 2 = -4*i. Determine m(i).
-5
Suppose -3*a + 6 = 3*d, 2*a + 0*a = 4*d - 20. Let i(n) = -n**3 + 5*n**2 - 5*n. Let b be i(d). Let w(t) = -t**3 - 4*t**2 + 4. What is w(b)?
4
Let b(x) = x**2 - 14. Suppose -v - 3 = -6*v + 3*a, a = 2*v - 1. Calculate b(v).
-14
Let t(p) = p**3 - 6*p**2 + 4*p. Let n(w) = w**2 - 9*w + 21. Let a be n(6). Calculate t(a).
-15
Suppose 0 = 3*g + 2*c - 3*c - 2, 2*c = 5*g - 2. Let d(f) be the second derivative of -f + 1/12*f**4 - g*f**2 + 1/6*f**3 + 0. Calculate d(-4).
8
Let v(i) = 2*i - 7. Let z be v(5). Suppose 2*g = z*g. Let l be (-1)/((-2)/10 + g). Let j(f) = f**3 - 6*f**2 + 4*f + 4. What is j(l)?
-1
Let n(j) = 7*j**3 + 6*j**2 - 2*j + 1. Let f(h) = -4*h**3 - 3*h**2 + h - 1. Let x = -2 + 5. Let z(i) = x*n(i) + 5*f(i). Determine z(-2).
4
Let s(n) = 8 - 1 + 2*n - n**2 - 5*n. Determine s(-5).
-3
Let k(w) = -2 + w - w + w**2 - 7*w. Determine k(7).
-2
Let g(r) = r + 4. Let n(b) = b**2 - 8*b + 6. Let p be n(7). Let o(d) = 1. Let i(s) = p*g(s) + o(s). Let t be (-1)/(12/10 + -1). Determine i(t).
2
Let g(b) = -2*b**3 - 15*b**2 - 11*b - 1. Let y(u) = -u**3 - 7*u**2 - 5*u. Let z(o) = -2*g(o) + 5*y(o). Suppose -1 = -2*w - 9. What is z(w)?
-2
Let z = 5 + -2. Let v(r) be the first derivative of 2*r**3/3 - r**2 - 3*r - 19. Give v(z).
9
Let q(l) = -l + 4. Suppose -5*y = -7*y. Calculate q(y).
4
Let j be 2/9 + (-22)/18. Let l be (0 - -1) + j - 2. Let h(i) = -i**2 + 2*i + 3. What is h(l)?
-5
Suppose 2*k - 2*y = 6 + 6, -k + 10 = -3*y. Let s(r) be the second derivative of r**4/12 - r**3/6 - r**2 + r. Give s(k).
10
Let o(s) = s**3 - 9*s**2 + 9*s - 3. Suppose 0 = -4*f + 10 + 22. Determine o(f).
5
Let i(u) = -u**3 + 4*u**2 + 10*u - 1. Let s(p) = -p**3 + 4*p**2 + 9*p - 1. Let o(z) = 3*i(z) - 4*s(z). Give o(5).
-4
Let b be (-3)/(-2)*50/15. Suppose 20 = -10*w + b*w. Let u(d) = 8*d**3 - d**2 - 3*d - 17. Let q(n) = 3*n**3 - n - 6. Let m(l) = 11*q(l) - 4*u(l). Determine m(w).
-2
Suppose 5*i + 5*h + 20 = 0, -i - 4 = 4*h - 0*h. Let x(y) = -y + 5. Let c = -2 - -3. Let f(r) = r. Let o(s) = c*x(s) + 2*f(s). Determine o(i).
1
Suppose 2*n + 6 = -3*r + 18, -5*n + 20 = 5*r. Let g(i) = i**2 - 2. Calculate g(n).
-2
Suppose 2*p - 4 = -0*p. Suppose -p = -4*z + 2*z. Let g(r) = 5*r + 1 - 1. Give g(z).
5
Let m(z) = 6*z + z + 2*z - 5*z. Give m(1).
4
Let x be 9/15 + (-6)/(-15). Let a(l) be the second derivative of -5/12*l**4 + 0 + 1/3*l**3 - 1/2*l**2 + l. Determine a(x).
-4
Let f be (-9 + 8)*(0 + -2). Let r(a) be the first derivative of -2 + 0*a + 0*a**2 + 1/4*a**4 - 1/3*a**3. Determine r(f).
4
Let s(a) be the first derivative of a**5/20 - a**4/4 + a**2 + a - 2. Let g(v) be the first derivative of s(v). Give g(2).
-2
Let z = 1 + 4. Let m(n) = -n**3 + 6*n**2 - 8*n + 5. Determine m(z).
-10
Suppose 3 = -k - 3*a, 2*k - 3*a + 58 = 7. Let g = -13 - k. Let l(i) = -i**3 + 4*i**2 + 6*i + 2. Calculate l(g).
7
Let u(q) be the first derivative of -q**2/2 + 4*q - 1. Suppose 5*g = -3*y - 22 - 12, 24 = -3*y - 3*g. Determine u(y).
7
Let j(i) = -i**3 - 5*i**2 - 2*i + 2. Suppose -14 = -8*m - 6. Let o(x) = 7*x - 1. Let p be o(2). Suppose 3*l - m = -p. Calculate j(l).
-6
Let r(b) = 2*b - 1. Suppose 0 = 4*s - 12 - 8. Suppose s*d - 18 = -8. Give r(d).
3
Let j(i) = -i**2 + 7*i - 6. Let o be j(5). Suppose 2*p = -2*g + 7*p + 9, 4*g + o*p = 4. Let y(s) = s**3 - 2*s**2 - 2*s. Determine y(g).
-4
Let z = 2 + -2. Let x be (2 - 1) + z - -2. Let l(j) = -j - x + 3 + j**2. Give l(3).
6
Let p(h) = -13*h - 10. Let s(j) = 6*j + 5. Let k(a) = -2*p(a) - 5*s(a). Determine k(-6).
19
Let n(c) be the third derivative of c**4/12 - 4*c**2. Suppose 8 = 4*m + 4*u, -3*m + 0*m + u = -6. What is n(m)?
4
Let m(w) = -w - 9. Let p be m(0). Suppose -r + 54 = -4*r. Let u be 3/p*r/2. Let t(c) = c**2 - c - 2. Give t(u).
4
Let j(y) = y - 8. Let v(b) = 3